{"id":747,"date":"2016-09-01T21:22:41","date_gmt":"2016-09-01T21:22:41","guid":{"rendered":"http:\/\/www.catherine-mainguy.fr\/galerie-cmainguy\/?page_id=747"},"modified":"2016-09-04T20:28:21","modified_gmt":"2016-09-04T20:28:21","slug":"guillaume-ducreux","status":"publish","type":"page","link":"http:\/\/www.catherine-mainguy.fr\/galerie-cmainguy\/guillaume-ducreux\/","title":{"rendered":"GUILLAUME DUCREUX"},"content":{"rendered":"<div class=\"wpb-content-wrapper\"><p>[vc_row bg_type=\u00a0\u00bbno_bg\u00a0\u00bb row_parallax_speed=\u00a0\u00bb1&Prime; content_width=\u00a0\u00bbdefault\u00a0\u00bb css=\u00a0\u00bb.vc_custom_1418868503434{margin-top: -150px !important;}\u00a0\u00bb][vc_column width=\u00a0\u00bb1\/3&Prime; css=\u00a0\u00bb.vc_custom_1418866906242{padding-top: 12px !important;}\u00a0\u00bb][vc_column_text]<span style=\"color: #2fc99d;\">Photographe Fran\u00e7ais n\u00e9 en 1979, vite \u00e0 Lyon.<\/span><\/p>\n<p class=\"p1\"><span class=\"s1\">Il se plonge dans la photographie en 2008. Autodidacte, il cultive depuis un gout pour l&rsquo;\u00e9clectisme. L&rsquo;essentiel de son travail se base sur sa d\u00e9marche d&rsquo;auteur. Il aime aborder des sujets en rapport avec l&rsquo;humain et son environnement, tente de fixer ces bribes de vie dans une \u00e9poque ou beaucoup de choses disparaissent. L&rsquo;interaction du milieu et la compr\u00e9hension de l&rsquo;autre sont des moteurs\u00a0 puissants qui le conduisent \u00e0 sillonner les routes.<br \/>\nIl \u00a0cofonde en 2011 le collectif photographique C2X.\u00a0En parall\u00e8le, il travaille dans la photographie de sports extr\u00eame.<br \/>\n<\/span><\/p>\n<p>[\/vc_column_text][\/vc_column][vc_column width=\u00a0\u00bb1\/3&Prime; css=\u00a0\u00bb.vc_custom_1418866919529{padding-top: 12px !important;}\u00a0\u00bb][vc_column_text]Milieu dans lequel il berce depuis son plus jeune \u00e2ge. Travail personnel en relation avec les riders, comp\u00e9titions internationales et articles pour la presse sp\u00e9cialis\u00e9e font aussi partie de son quotidien photographique.<\/p>\n<p><span style=\"color: #2fc99d;\"><strong>Vernissage<\/strong><\/span>\u00a0le Jeudi 8\u00a0septembre 2016 \u00e0\u00a018h30<\/p>\n<p><span style=\"color: #2fc99d;\"><strong>Exposition<\/strong><\/span>\u00a0du 8\u00a0septembre au 15 oct 2016<\/p>\n<p><span style=\"color: #2fc99d;\"><strong>Rencontre avec le photographe<\/strong><\/span><br \/>\nle samedi 8\u00a0octobre \u00e0 15h \u00e0 la galerie<\/p>\n<p><a href=\"http:\/\/www.irisetchimere.format.com\" target=\"_blank\"><span style=\"background: #FFFFFF;\">www.irisetchimere.format.com<\/span><\/a>[\/vc_column_text][\/vc_column][vc_column width=\u00a0\u00bb1\/3&Prime;][vc_column_text]<\/p>\n<p style=\"text-align: center;\">[layerslider id=\u00a0\u00bb15&Prime;]<\/p>\n<p>[\/vc_column_text][\/vc_column][\/vc_row][vc_row css=\u00a0\u00bb.vc_custom_1472766513149{margin-top: 50px !important;padding-top: 0px !important;padding-bottom: 10px !important;}\u00a0\u00bb bg_type=\u00a0\u00bbimage\u00a0\u00bb row_parallax_speed=\u00a0\u00bb1&Prime; content_width=\u00a0\u00bbdefault\u00a0\u00bb][vc_column width=\u00a0\u00bb1\/2&Prime;][\/vc_column][vc_column width=\u00a0\u00bb1\/2&Prime;][\/vc_column][\/vc_row][vc_row][vc_column width=\u00a0\u00bb1\/1&Prime;][vc_single_image image=\u00a0\u00bb761&Prime; css_animation=\u00a0\u00bbleft-to-right\u00a0\u00bb alignment=\u00a0\u00bbcenter\u00a0\u00bb border_color=\u00a0\u00bbgrey\u00a0\u00bb img_link_target=\u00a0\u00bb_self\u00a0\u00bb img_size=\u00a0\u00bblarge\u00a0\u00bb][vc_single_image image=\u00a0\u00bb759&Prime; css_animation=\u00a0\u00bbleft-to-right\u00a0\u00bb alignment=\u00a0\u00bbcenter\u00a0\u00bb border_color=\u00a0\u00bbgrey\u00a0\u00bb img_link_target=\u00a0\u00bb_self\u00a0\u00bb img_size=\u00a0\u00bblarge\u00a0\u00bb][vc_single_image image=\u00a0\u00bb758&Prime; css_animation=\u00a0\u00bbleft-to-right\u00a0\u00bb alignment=\u00a0\u00bbcenter\u00a0\u00bb border_color=\u00a0\u00bbgrey\u00a0\u00bb img_link_target=\u00a0\u00bb_self\u00a0\u00bb img_size=\u00a0\u00bblarge\u00a0\u00bb][vc_single_image image=\u00a0\u00bb757&Prime; css_animation=\u00a0\u00bbleft-to-right\u00a0\u00bb alignment=\u00a0\u00bbcenter\u00a0\u00bb border_color=\u00a0\u00bbgrey\u00a0\u00bb img_link_target=\u00a0\u00bb_self\u00a0\u00bb img_size=\u00a0\u00bblarge\u00a0\u00bb][vc_single_image image=\u00a0\u00bb756&Prime; css_animation=\u00a0\u00bbleft-to-right\u00a0\u00bb alignment=\u00a0\u00bbcenter\u00a0\u00bb border_color=\u00a0\u00bbgrey\u00a0\u00bb img_link_target=\u00a0\u00bb_self\u00a0\u00bb img_size=\u00a0\u00bblarge\u00a0\u00bb][vc_single_image image=\u00a0\u00bb755&Prime; css_animation=\u00a0\u00bbleft-to-right\u00a0\u00bb alignment=\u00a0\u00bbcenter\u00a0\u00bb border_color=\u00a0\u00bbgrey\u00a0\u00bb img_link_target=\u00a0\u00bb_self\u00a0\u00bb img_size=\u00a0\u00bblarge\u00a0\u00bb][vc_single_image image=\u00a0\u00bb754&Prime; css_animation=\u00a0\u00bbleft-to-right\u00a0\u00bb alignment=\u00a0\u00bbcenter\u00a0\u00bb border_color=\u00a0\u00bbgrey\u00a0\u00bb img_link_target=\u00a0\u00bb_self\u00a0\u00bb img_size=\u00a0\u00bblarge\u00a0\u00bb][vc_single_image image=\u00a0\u00bb753&Prime; css_animation=\u00a0\u00bbleft-to-right\u00a0\u00bb alignment=\u00a0\u00bbcenter\u00a0\u00bb border_color=\u00a0\u00bbgrey\u00a0\u00bb img_link_target=\u00a0\u00bb_self\u00a0\u00bb img_size=\u00a0\u00bblarge\u00a0\u00bb][\/vc_column][\/vc_row]<\/p>\n<\/div>","protected":false},"excerpt":{"rendered":"<p>[vc_row bg_type=\u00a0\u00bbno_bg\u00a0\u00bb row_parallax_speed=\u00a0\u00bb1&Prime; content_width=\u00a0\u00bbdefault\u00a0\u00bb css=\u00a0\u00bb.vc_custom_1418868503434{margin-top: -150px !important;}\u00a0\u00bb][vc_column width=\u00a0\u00bb1\/3&Prime; css=\u00a0\u00bb.vc_custom_1418866906242{padding-top: 12px !important;}\u00a0\u00bb][vc_column_text]Photographe Fran\u00e7ais n\u00e9 en 1979, vite \u00e0 Lyon. Il se plonge dans la photographie en 2008. Autodidacte, il cultive depuis un gout pour l&rsquo;\u00e9clectisme. L&rsquo;essentiel de son travail se base sur sa d\u00e9marche d&rsquo;auteur. Il aime aborder des sujets en [&hellip;]<\/p>\n","protected":false},"author":1,"featured_media":0,"parent":0,"menu_order":0,"comment_status":"open","ping_status":"open","template":"","meta":{"footnotes":""},"class_list":["post-747","page","type-page","status-publish","hentry"],"_links":{"self":[{"href":"http:\/\/www.catherine-mainguy.fr\/galerie-cmainguy\/wp-json\/wp\/v2\/pages\/747"}],"collection":[{"href":"http:\/\/www.catherine-mainguy.fr\/galerie-cmainguy\/wp-json\/wp\/v2\/pages"}],"about":[{"href":"http:\/\/www.catherine-mainguy.fr\/galerie-cmainguy\/wp-json\/wp\/v2\/types\/page"}],"author":[{"embeddable":true,"href":"http:\/\/www.catherine-mainguy.fr\/galerie-cmainguy\/wp-json\/wp\/v2\/users\/1"}],"replies":[{"embeddable":true,"href":"http:\/\/www.catherine-mainguy.fr\/galerie-cmainguy\/wp-json\/wp\/v2\/comments?post=747"}],"version-history":[{"count":21,"href":"http:\/\/www.catherine-mainguy.fr\/galerie-cmainguy\/wp-json\/wp\/v2\/pages\/747\/revisions"}],"predecessor-version":[{"id":792,"href":"http:\/\/www.catherine-mainguy.fr\/galerie-cmainguy\/wp-json\/wp\/v2\/pages\/747\/revisions\/792"}],"wp:attachment":[{"href":"http:\/\/www.catherine-mainguy.fr\/galerie-cmainguy\/wp-json\/wp\/v2\/media?parent=747"}],"curies":[{"name":"wp","href":"https:\/\/api.w.org\/{rel}","templated":true}]}}