{"id":1823,"date":"2026-04-14T05:38:36","date_gmt":"2026-04-14T05:38:36","guid":{"rendered":"https:\/\/www.catherine-mainguy.fr\/galerie-cmainguy\/?page_id=1823"},"modified":"2026-04-14T06:07:08","modified_gmt":"2026-04-14T06:07:08","slug":"fragments-du-vivant","status":"publish","type":"page","link":"http:\/\/www.catherine-mainguy.fr\/galerie-cmainguy\/fragments-du-vivant\/","title":{"rendered":"Fragments du Vivant"},"content":{"rendered":"<div class=\"wpb-content-wrapper\"><p>[vc_row css=\u00a0\u00bb.vc_custom_1418868503434{margin-top: -150px !important;}\u00a0\u00bb][vc_column width=\u00a0\u00bb2\/3&Prime; css=\u00a0\u00bb.vc_custom_1418866906242{padding-top: 12px !important;}\u00a0\u00bb][vc_column_text css=\u00a0\u00bb\u00a0\u00bb]<strong><span style=\"color: #2fc99d;\">Corps \u00e0 Corps<br \/>\n<\/span><\/strong><\/p>\n<div class=\"page\" title=\"Page 2\">\n<div class=\"layoutArea\">\n<div class=\"column\">\n<p class=\"p1\">Virginie Delepierre et Catherine Mainguy invitent \u00e0 un voyage au c\u0153ur des paysages et des formes de la nature.<br \/>\nDans son atelier, Virginie Delepierre fa\u00e7onne le gr\u00e8s et la porcelaine pour r\u00e9v\u00e9ler fragments organiques, roches et visions aquatiques, n\u00e9s du dialogue entre la main et le feu, entre rigueur et abandon.<br \/>\nL\u2019encre de Catherine Mainguy glisse sur le papier comme un souffle fragile, dessinant des horizons suspendus et des sillons o\u00f9 se m\u00ealent fragilit\u00e9 et lumi\u00e8re.<br \/>\nEnsemble, elles tissent un univers o\u00f9 ciel, eau et terre se r\u00e9pondent, offrant un regard po\u00e9tique sur la nature en perp\u00e9tuel mouvement et invitant le spectateur \u00e0 contempler la beaut\u00e9 fragile et vivante des formes.<\/p>\n<\/div>\n<\/div>\n<\/div>\n<p class=\"p1\"><span style=\"color: #2fc99d;\"><strong>Artistes :<br \/>\n<\/strong><\/span>Virginie Delepierre &#8211; Catherine Mainguy<\/p>\n<p>[\/vc_column_text][\/vc_column][vc_column width=\u00a0\u00bb1\/3&Prime; css=\u00a0\u00bb.vc_custom_1418866919529{padding-top: 12px !important;}\u00a0\u00bb][vc_column_text css=\u00a0\u00bb\u00a0\u00bb]<span style=\"color: #2fc99d;\"><strong>Exposition :<br \/>\n<\/strong><\/span>du Jeudi 23 Avril au Jeudi 25 Juin 2026<\/p>\n<p><span style=\"color: #2fc99d;\"><strong>Vernissage :<br \/>\n<\/strong><\/span>le Jeudi 23 Avril 2026 a\u0300 partir de 17h-22h.<\/p>\n<p><span style=\"color: #2fc99d;\"><strong>D\u00e9crochage\u00a0:<\/strong><\/span><br \/>\nle Jeudi 25 Juin 2026 a\u0300 partir de 18h<\/p>\n<div class=\"page\" title=\"Page 2\">\n<div class=\"layoutArea\">\n<div class=\"column\">\n<p>&nbsp;<\/p>\n<\/div>\n<\/div>\n<\/div>\n<p>[\/vc_column_text][\/vc_column][\/vc_row][vc_row][vc_column width=\u00a0\u00bb1\/2&Prime;][vc_single_image image=\u00a0\u00bb1828&Prime; img_size=\u00a0\u00bbfull\u00a0\u00bb add_caption=\u00a0\u00bbyes\u00a0\u00bb css=\u00a0\u00bb\u00a0\u00bb title=\u00a0\u00bbVirginie Delepierre\u00a0\u00bb][\/vc_column][vc_column width=\u00a0\u00bb1\/2&Prime;][vc_single_image image=\u00a0\u00bb1831&Prime; img_size=\u00a0\u00bbfull\u00a0\u00bb add_caption=\u00a0\u00bbyes\u00a0\u00bb css=\u00a0\u00bb\u00a0\u00bb title=\u00a0\u00bbCatherine Mainguy\u00a0\u00bb][\/vc_column][\/vc_row][vc_row][vc_column width=\u00a0\u00bb1\/2&Prime;][vc_single_image image=\u00a0\u00bb1829&Prime; img_size=\u00a0\u00bbfull\u00a0\u00bb add_caption=\u00a0\u00bbyes\u00a0\u00bb css=\u00a0\u00bb\u00a0\u00bb title=\u00a0\u00bbVirginie Delepierre\u00a0\u00bb][\/vc_column][vc_column width=\u00a0\u00bb1\/2&Prime;][vc_single_image image=\u00a0\u00bb1830&Prime; img_size=\u00a0\u00bbfull\u00a0\u00bb add_caption=\u00a0\u00bbyes\u00a0\u00bb css=\u00a0\u00bb\u00a0\u00bb title=\u00a0\u00bbCatherine Mainguy\u00a0\u00bb][\/vc_column][\/vc_row]<\/p>\n<\/div>","protected":false},"excerpt":{"rendered":"<p>[vc_row css=\u00a0\u00bb.vc_custom_1418868503434{margin-top: -150px !important;}\u00a0\u00bb][vc_column width=\u00a0\u00bb2\/3&Prime; css=\u00a0\u00bb.vc_custom_1418866906242{padding-top: 12px !important;}\u00a0\u00bb][vc_column_text css=\u00a0\u00bb\u00a0\u00bb]Corps \u00e0 Corps Virginie Delepierre et Catherine Mainguy invitent \u00e0 un voyage au c\u0153ur des paysages et des formes de la nature. Dans son atelier, Virginie Delepierre fa\u00e7onne le gr\u00e8s et la porcelaine pour r\u00e9v\u00e9ler fragments organiques, roches et visions aquatiques, n\u00e9s [&hellip;]<\/p>\n","protected":false},"author":1,"featured_media":0,"parent":0,"menu_order":0,"comment_status":"open","ping_status":"open","template":"","meta":{"footnotes":""},"class_list":["post-1823","page","type-page","status-publish","hentry"],"_links":{"self":[{"href":"http:\/\/www.catherine-mainguy.fr\/galerie-cmainguy\/wp-json\/wp\/v2\/pages\/1823"}],"collection":[{"href":"http:\/\/www.catherine-mainguy.fr\/galerie-cmainguy\/wp-json\/wp\/v2\/pages"}],"about":[{"href":"http:\/\/www.catherine-mainguy.fr\/galerie-cmainguy\/wp-json\/wp\/v2\/types\/page"}],"author":[{"embeddable":true,"href":"http:\/\/www.catherine-mainguy.fr\/galerie-cmainguy\/wp-json\/wp\/v2\/users\/1"}],"replies":[{"embeddable":true,"href":"http:\/\/www.catherine-mainguy.fr\/galerie-cmainguy\/wp-json\/wp\/v2\/comments?post=1823"}],"version-history":[{"count":5,"href":"http:\/\/www.catherine-mainguy.fr\/galerie-cmainguy\/wp-json\/wp\/v2\/pages\/1823\/revisions"}],"predecessor-version":[{"id":1836,"href":"http:\/\/www.catherine-mainguy.fr\/galerie-cmainguy\/wp-json\/wp\/v2\/pages\/1823\/revisions\/1836"}],"wp:attachment":[{"href":"http:\/\/www.catherine-mainguy.fr\/galerie-cmainguy\/wp-json\/wp\/v2\/media?parent=1823"}],"curies":[{"name":"wp","href":"https:\/\/api.w.org\/{rel}","templated":true}]}}

<div class="wpb-content-wrapper"><p>[vc_row css= ».vc_custom_1418868503434{margin-top: -150px !important;} »][vc_column width= »2/3&Prime; css= ».vc_custom_1418866906242{padding-top: 12px !important;} »][vc_column_text css= » »]<strong><span style="color: #2fc99d;">Corps à Corps<br />
</span></strong></p>
<div class="page" title="Page 2">
<div class="layoutArea">
<div class="column">
<p class="p1">Virginie Delepierre et Catherine Mainguy invitent à un voyage au cœur des paysages et des formes de la nature.<br />
Dans son atelier, Virginie Delepierre façonne le grès et la porcelaine pour révéler fragments organiques, roches et visions aquatiques, nés du dialogue entre la main et le feu, entre rigueur et abandon.<br />
L’encre de Catherine Mainguy glisse sur le papier comme un souffle fragile, dessinant des horizons suspendus et des sillons où se mêlent fragilité et lumière.<br />
Ensemble, elles tissent un univers où ciel, eau et terre se répondent, offrant un regard poétique sur la nature en perpétuel mouvement et invitant le spectateur à contempler la beauté fragile et vivante des formes.</p>
</div>
</div>
</div>
<p class="p1"><span style="color: #2fc99d;"><strong>Artistes :<br />
</strong></span>Virginie Delepierre &#8211; Catherine Mainguy</p>
<p>[/vc_column_text][/vc_column][vc_column width= »1/3&Prime; css= ».vc_custom_1418866919529{padding-top: 12px !important;} »][vc_column_text css= » »]<span style="color: #2fc99d;"><strong>Exposition :<br />
</strong></span>du Jeudi 23 Avril au Jeudi 25 Juin 2026</p>
<p><span style="color: #2fc99d;"><strong>Vernissage :<br />
</strong></span>le Jeudi 23 Avril 2026 à partir de 17h-22h.</p>
<p><span style="color: #2fc99d;"><strong>Décrochage :</strong></span><br />
le Jeudi 25 Juin 2026 à partir de 18h</p>
<div class="page" title="Page 2">
<div class="layoutArea">
<div class="column">
<p>&nbsp;</p>
</div>
</div>
</div>
<p>[/vc_column_text][/vc_column][/vc_row][vc_row][vc_column width= »1/2&Prime;][vc_single_image image= »1828&Prime; img_size= »full » add_caption= »yes » css= » » title= »Virginie Delepierre »][/vc_column][vc_column width= »1/2&Prime;][vc_single_image image= »1831&Prime; img_size= »full » add_caption= »yes » css= » » title= »Catherine Mainguy »][/vc_column][/vc_row][vc_row][vc_column width= »1/2&Prime;][vc_single_image image= »1829&Prime; img_size= »full » add_caption= »yes » css= » » title= »Virginie Delepierre »][/vc_column][vc_column width= »1/2&Prime;][vc_single_image image= »1830&Prime; img_size= »full » add_caption= »yes » css= » » title= »Catherine Mainguy »][/vc_column][/vc_row]</p>
</div>

<p>[vc_row css= ».vc_custom_1418868503434{margin-top: -150px !important;} »][vc_column width= »2/3&Prime; css= ».vc_custom_1418866906242{padding-top: 12px !important;} »][vc_column_text css= » »]Corps à Corps Virginie Delepierre et Catherine Mainguy invitent à un voyage au cœur des paysages et des formes de la nature. Dans son atelier, Virginie Delepierre façonne le grès et la porcelaine pour révéler fragments organiques, roches et visions aquatiques, nés [&hellip;]</p>
