{"id":1411,"date":"2022-02-06T20:44:39","date_gmt":"2022-02-06T20:44:39","guid":{"rendered":"http:\/\/www.catherine-mainguy.fr\/galerie-cmainguy\/?page_id=1411"},"modified":"2022-02-06T20:46:53","modified_gmt":"2022-02-06T20:46:53","slug":"eloge-du-quotidien","status":"publish","type":"page","link":"http:\/\/www.catherine-mainguy.fr\/galerie-cmainguy\/eloge-du-quotidien\/","title":{"rendered":"Eloge du Quotidien"},"content":{"rendered":"<div class=\"wpb-content-wrapper\"><p>[vc_row bg_type=\u00a0\u00bbno_bg\u00a0\u00bb row_parallax_speed=\u00a0\u00bb1&Prime; content_width=\u00a0\u00bbdefault\u00a0\u00bb css=\u00a0\u00bb.vc_custom_1418868503434{margin-top: -150px !important;}\u00a0\u00bb][vc_column width=\u00a0\u00bb2\/3&Prime; css=\u00a0\u00bb.vc_custom_1418866906242{padding-top: 12px !important;}\u00a0\u00bb][vc_column_text]<strong><span style=\"color: #2fc99d;\">Expostion Collective<br \/>\n<\/span><\/strong><\/p>\n<p class=\"p1\">\u00ab\u00a0Regarder ce qu\u2019on ne regarderait pas, \u00e9couter ce qu\u2019on n\u2019\u00e9couterait pas, \u00eatre attentif au banal,\u00a0\u00e0 l\u2019ordinaire,\u00a0\u00e0 l\u2019infra-ordinaire\u00a0\u00bb Magritte.<br \/>\nCette exposition est un hymne\u00a0\u00e0\u00a0la libert\u00e9, au lien,\u00a0\u00e0 la beaut\u00e9 de la vie qui se niche dans les d\u00e9tails de notre quotidien.<\/p>\n<p>[\/vc_column_text][\/vc_column][vc_column width=\u00a0\u00bb1\/3&Prime; css=\u00a0\u00bb.vc_custom_1418866919529{padding-top: 12px !important;}\u00a0\u00bb][vc_column_text]<span style=\"color: #2fc99d;\"><strong>Exposition :<br \/>\n<\/strong><\/span>du\u00a020\u00a0Mai au\u00a031\u00a0Juillet 2021<br \/>\n<span style=\"color: #2fc99d;\"><strong>Vernissage :<br \/>\n<\/strong><\/span>Le jeudi\u00a020\u00a0Mai de\u00a014h \u00e0 20h30<br \/>\n<span style=\"color: #2fc99d;\"><strong>Artistes :<br \/>\n<\/strong><\/span><a title=\"CATHERINE MAINGUY\" href=\"http:\/\/www.catherine-mainguy.fr\" target=\"_blank\" rel=\"noopener noreferrer\">Catherine Mainguy<\/a>[\/vc_column_text][\/vc_column][\/vc_row][vc_row bg_type=\u00a0\u00bbno_bg\u00a0\u00bb row_parallax_speed=\u00a0\u00bb1&Prime; content_width=\u00a0\u00bbdefault\u00a0\u00bb][vc_column width=\u00a0\u00bb1\/2&Prime;]<div class=\"my-animation fadeInRight\"><div class='infobox-1 default'><header><img src='http:\/\/www.catherine-mainguy.fr\/galerie-cmainguy\/wp-content\/uploads\/2022\/02\/ELOGE-DU-QUOTIDIEN-20-92x73cm-acrylique-sur-toile.jpg' alt='' class='img-responsive' \/><\/header><h5 >CATHERINE MAINGUY<\/h5><\/div><\/div>[\/vc_column][vc_column width=\u00a0\u00bb1\/2&Prime;]<div class=\"my-animation fadeInLeft\"><div class='infobox-1 default'><header><img src='http:\/\/www.catherine-mainguy.fr\/galerie-cmainguy\/wp-content\/uploads\/2022\/02\/ELOGE-DU-QUOTIDIEN-1-41x33cm-acrylique-sur-toile.jpg' alt='' class='img-responsive' \/><\/header><h5 >CATHERINE MAINGUY<\/h5><\/div><\/div>[\/vc_column][\/vc_row][vc_row bg_type=\u00a0\u00bbno_bg\u00a0\u00bb row_parallax_speed=\u00a0\u00bb1&Prime; content_width=\u00a0\u00bbdefault\u00a0\u00bb][vc_column width=\u00a0\u00bb1\/2&Prime;]<div class=\"my-animation fadeInUp\"><div class='infobox-1 default'><header><img src='http:\/\/www.catherine-mainguy.fr\/galerie-cmainguy\/wp-content\/uploads\/2022\/02\/ELOGE-DU-QUOTIDIEN-18-61x50cm-acrylique-sur-toile.jpg' alt='' class='img-responsive' \/><\/header><h5 >CATHERINE MAINGUY<\/h5><\/div><\/div>[\/vc_column][vc_column width=\u00a0\u00bb1\/2&Prime;]<div class=\"my-animation fadeInDown\"><div class='infobox-1 default'><header><img src='http:\/\/www.catherine-mainguy.fr\/galerie-cmainguy\/wp-content\/uploads\/2022\/02\/ELOGE-DU-QUOTIDIEN-17-61x50cm-acrylique-sur-toile.jpg' alt='' class='img-responsive' \/><\/header><h5 >CATHERINE MAINGUY<\/h5><\/div><\/div>[\/vc_column][\/vc_row]<\/p>\n<\/div>","protected":false},"excerpt":{"rendered":"<p>[vc_row bg_type=\u00a0\u00bbno_bg\u00a0\u00bb row_parallax_speed=\u00a0\u00bb1&Prime; content_width=\u00a0\u00bbdefault\u00a0\u00bb css=\u00a0\u00bb.vc_custom_1418868503434{margin-top: -150px !important;}\u00a0\u00bb][vc_column width=\u00a0\u00bb2\/3&Prime; css=\u00a0\u00bb.vc_custom_1418866906242{padding-top: 12px !important;}\u00a0\u00bb][vc_column_text]Expostion Collective \u00ab\u00a0Regarder ce qu\u2019on ne regarderait pas, \u00e9couter ce qu\u2019on n\u2019\u00e9couterait pas, \u00eatre attentif au banal,\u00a0\u00e0 l\u2019ordinaire,\u00a0\u00e0 l\u2019infra-ordinaire\u00a0\u00bb Magritte. Cette exposition est un hymne\u00a0\u00e0\u00a0la libert\u00e9, au lien,\u00a0\u00e0 la beaut\u00e9 de la vie qui se niche dans les d\u00e9tails de [&hellip;]<\/p>\n","protected":false},"author":1,"featured_media":0,"parent":0,"menu_order":0,"comment_status":"open","ping_status":"open","template":"","meta":{"footnotes":""},"class_list":["post-1411","page","type-page","status-publish","hentry"],"_links":{"self":[{"href":"http:\/\/www.catherine-mainguy.fr\/galerie-cmainguy\/wp-json\/wp\/v2\/pages\/1411"}],"collection":[{"href":"http:\/\/www.catherine-mainguy.fr\/galerie-cmainguy\/wp-json\/wp\/v2\/pages"}],"about":[{"href":"http:\/\/www.catherine-mainguy.fr\/galerie-cmainguy\/wp-json\/wp\/v2\/types\/page"}],"author":[{"embeddable":true,"href":"http:\/\/www.catherine-mainguy.fr\/galerie-cmainguy\/wp-json\/wp\/v2\/users\/1"}],"replies":[{"embeddable":true,"href":"http:\/\/www.catherine-mainguy.fr\/galerie-cmainguy\/wp-json\/wp\/v2\/comments?post=1411"}],"version-history":[{"count":2,"href":"http:\/\/www.catherine-mainguy.fr\/galerie-cmainguy\/wp-json\/wp\/v2\/pages\/1411\/revisions"}],"predecessor-version":[{"id":1417,"href":"http:\/\/www.catherine-mainguy.fr\/galerie-cmainguy\/wp-json\/wp\/v2\/pages\/1411\/revisions\/1417"}],"wp:attachment":[{"href":"http:\/\/www.catherine-mainguy.fr\/galerie-cmainguy\/wp-json\/wp\/v2\/media?parent=1411"}],"curies":[{"name":"wp","href":"https:\/\/api.w.org\/{rel}","templated":true}]}}