{"id":1176,"date":"2019-09-02T21:24:32","date_gmt":"2019-09-02T21:24:32","guid":{"rendered":"http:\/\/www.catherine-mainguy.fr\/galerie-cmainguy\/?page_id=1176"},"modified":"2019-09-02T21:27:25","modified_gmt":"2019-09-02T21:27:25","slug":"antrhopocene-et-resistence","status":"publish","type":"page","link":"http:\/\/www.catherine-mainguy.fr\/galerie-cmainguy\/antrhopocene-et-resistence\/","title":{"rendered":"Anthropoc\u00e8ne &#038; R\u00e9sistence"},"content":{"rendered":"<div class=\"wpb-content-wrapper\"><p>[vc_row bg_type=\u00a0\u00bbno_bg\u00a0\u00bb row_parallax_speed=\u00a0\u00bb1&Prime; content_width=\u00a0\u00bbdefault\u00a0\u00bb css=\u00a0\u00bb.vc_custom_1418868503434{margin-top: -150px !important;}\u00a0\u00bb][vc_column width=\u00a0\u00bb2\/3&Prime; css=\u00a0\u00bb.vc_custom_1418866906242{padding-top: 12px !important;}\u00a0\u00bb][vc_column_text]<strong><span style=\"color: #2fc99d;\">Expostion Collective<br \/>\n<\/span><\/strong><\/p>\n<p class=\"p1\">En R\u00e9sonance avec la Biennale d\u2019Art de Lyon, cette exposition en duo de Fred Calmets et Catherine Mainguy interroge la capacit\u00e9 des Arts \u00e0 ouvrir la voie(x) vers une m\u00e9tamorphose de notre humanit\u00e9 et une permaculture de l\u2019art\u2026 de vivre.<\/p>\n<p class=\"p1\">\u00abL\u2019art sauvera le monde \u00bb Fiodor Dosto\u00efevski.<\/p>\n<p>[\/vc_column_text][\/vc_column][vc_column width=\u00a0\u00bb1\/3&Prime; css=\u00a0\u00bb.vc_custom_1418866919529{padding-top: 12px !important;}\u00a0\u00bb][vc_column_text]<span style=\"color: #2fc99d;\"><strong>Exposition :<br \/>\n<\/strong><\/span>du\u00a012\u00a0Septembre au\u00a09\u00a0Novembre 2019<br \/>\n<span style=\"color: #2fc99d;\"><strong>Vernissage :<br \/>\n<\/strong><\/span>Le jeudi\u00a012\u00a0Septembre \u00e0 partir de 18h30<\/p>\n<p><span style=\"color: #2fc99d;\"><strong>Artistes :<br \/>\n<\/strong><\/span><a title=\"FRED CALMETS\" href=\"http:\/\/www.catherine-mainguy.fr\/galerie-cmainguy\/fred-calmets\/\">Fred Calmet<\/a>, <a title=\"CATHERINE MAINGUY\" href=\"http:\/\/www.catherine-mainguy.fr\" target=\"_blank\">Catherine Mainguy<\/a>[\/vc_column_text][\/vc_column][\/vc_row][vc_row bg_type=\u00a0\u00bbno_bg\u00a0\u00bb row_parallax_speed=\u00a0\u00bb1&Prime; content_width=\u00a0\u00bbdefault\u00a0\u00bb][vc_column width=\u00a0\u00bb1\/2&Prime;]<div class=\"my-animation fadeInRight\"><div class='infobox-1 default'><header><img src='http:\/\/www.catherine-mainguy.fr\/galerie-cmainguy\/wp-content\/uploads\/2019\/09\/FRED-CALMET.jpg' alt='' class='img-responsive' \/><\/header><h5 >FRED CALMET<\/h5><\/div><\/div>[\/vc_column][vc_column width=\u00a0\u00bb1\/2&Prime;]<div class=\"my-animation fadeInLeft\"><div class='infobox-1 default'><header><img src='http:\/\/www.catherine-mainguy.fr\/galerie-cmainguy\/wp-content\/uploads\/2019\/09\/CATHERINE-MAINGUY.jpg' alt='' class='img-responsive' \/><\/header><h5 >CATHERINE MAINGUY<\/h5><\/div><\/div>[\/vc_column][\/vc_row]<\/p>\n<\/div>","protected":false},"excerpt":{"rendered":"<p>[vc_row bg_type=\u00a0\u00bbno_bg\u00a0\u00bb row_parallax_speed=\u00a0\u00bb1&Prime; content_width=\u00a0\u00bbdefault\u00a0\u00bb css=\u00a0\u00bb.vc_custom_1418868503434{margin-top: -150px !important;}\u00a0\u00bb][vc_column width=\u00a0\u00bb2\/3&Prime; css=\u00a0\u00bb.vc_custom_1418866906242{padding-top: 12px !important;}\u00a0\u00bb][vc_column_text]Expostion Collective En R\u00e9sonance avec la Biennale d\u2019Art de Lyon, cette exposition en duo de Fred Calmets et Catherine Mainguy interroge la capacit\u00e9 des Arts \u00e0 ouvrir la voie(x) vers une m\u00e9tamorphose de notre humanit\u00e9 et une permaculture de l\u2019art\u2026 [&hellip;]<\/p>\n","protected":false},"author":1,"featured_media":0,"parent":0,"menu_order":0,"comment_status":"open","ping_status":"open","template":"","meta":{"footnotes":""},"class_list":["post-1176","page","type-page","status-publish","hentry"],"_links":{"self":[{"href":"http:\/\/www.catherine-mainguy.fr\/galerie-cmainguy\/wp-json\/wp\/v2\/pages\/1176"}],"collection":[{"href":"http:\/\/www.catherine-mainguy.fr\/galerie-cmainguy\/wp-json\/wp\/v2\/pages"}],"about":[{"href":"http:\/\/www.catherine-mainguy.fr\/galerie-cmainguy\/wp-json\/wp\/v2\/types\/page"}],"author":[{"embeddable":true,"href":"http:\/\/www.catherine-mainguy.fr\/galerie-cmainguy\/wp-json\/wp\/v2\/users\/1"}],"replies":[{"embeddable":true,"href":"http:\/\/www.catherine-mainguy.fr\/galerie-cmainguy\/wp-json\/wp\/v2\/comments?post=1176"}],"version-history":[{"count":3,"href":"http:\/\/www.catherine-mainguy.fr\/galerie-cmainguy\/wp-json\/wp\/v2\/pages\/1176\/revisions"}],"predecessor-version":[{"id":1181,"href":"http:\/\/www.catherine-mainguy.fr\/galerie-cmainguy\/wp-json\/wp\/v2\/pages\/1176\/revisions\/1181"}],"wp:attachment":[{"href":"http:\/\/www.catherine-mainguy.fr\/galerie-cmainguy\/wp-json\/wp\/v2\/media?parent=1176"}],"curies":[{"name":"wp","href":"https:\/\/api.w.org\/{rel}","templated":true}]}}

Anthropocène &#038; Résistence

<div class="wpb-content-wrapper"><p>[vc_row bg_type= »no_bg » row_parallax_speed= »1&Prime; content_width= »default » css= ».vc_custom_1418868503434{margin-top: -150px !important;} »][vc_column width= »2/3&Prime; css= ».vc_custom_1418866906242{padding-top: 12px !important;} »][vc_column_text]<strong><span style="color: #2fc99d;">Expostion Collective<br />
</span></strong></p>
<p class="p1">En Résonance avec la Biennale d’Art de Lyon, cette exposition en duo de Fred Calmets et Catherine Mainguy interroge la capacité des Arts à ouvrir la voie(x) vers une métamorphose de notre humanité et une permaculture de l’art… de vivre.</p>
<p class="p1">«L’art sauvera le monde » Fiodor Dostoïevski.</p>
<p>[/vc_column_text][/vc_column][vc_column width= »1/3&Prime; css= ».vc_custom_1418866919529{padding-top: 12px !important;} »][vc_column_text]<span style="color: #2fc99d;"><strong>Exposition :<br />
</strong></span>du 12 Septembre au 9 Novembre 2019<br />
<span style="color: #2fc99d;"><strong>Vernissage :<br />
</strong></span>Le jeudi 12 Septembre à partir de 18h30</p>
<p><span style="color: #2fc99d;"><strong>Artistes :<br />
</strong></span><a title="FRED CALMETS" href="http://www.catherine-mainguy.fr/galerie-cmainguy/fred-calmets/">Fred Calmet</a>, <a title="CATHERINE MAINGUY" href="http://www.catherine-mainguy.fr" target="_blank">Catherine Mainguy</a>[/vc_column_text][/vc_column][/vc_row][vc_row bg_type= »no_bg » row_parallax_speed= »1&Prime; content_width= »default »][vc_column width= »1/2&Prime;]<div class="my-animation fadeInRight"><div class='infobox-1 default'><header><img src='http://www.catherine-mainguy.fr/galerie-cmainguy/wp-content/uploads/2019/09/FRED-CALMET.jpg' alt='' class='img-responsive' /></header><h5 >FRED CALMET</h5></div></div>[/vc_column][vc_column width= »1/2&Prime;]<div class="my-animation fadeInLeft"><div class='infobox-1 default'><header><img src='http://www.catherine-mainguy.fr/galerie-cmainguy/wp-content/uploads/2019/09/CATHERINE-MAINGUY.jpg' alt='' class='img-responsive' /></header><h5 >CATHERINE MAINGUY</h5></div></div>[/vc_column][/vc_row]</p>
</div>

<p>[vc_row bg_type= »no_bg » row_parallax_speed= »1&Prime; content_width= »default » css= ».vc_custom_1418868503434{margin-top: -150px !important;} »][vc_column width= »2/3&Prime; css= ».vc_custom_1418866906242{padding-top: 12px !important;} »][vc_column_text]Expostion Collective En Résonance avec la Biennale d’Art de Lyon, cette exposition en duo de Fred Calmets et Catherine Mainguy interroge la capacité des Arts à ouvrir la voie(x) vers une métamorphose de notre humanité et une permaculture de l’art… [&hellip;]</p>
